{"id":9093,"date":"2023-01-13T13:38:17","date_gmt":"2023-01-13T16:38:17","guid":{"rendered":"https:\/\/allende.com\/abogados\/maria-rosa-villegas-arevalo\/"},"modified":"2025-02-19T11:55:20","modified_gmt":"2025-02-19T14:55:20","slug":"maria-rosa-villegas-arevalo","status":"publish","type":"abogados","link":"https:\/\/allende.com\/en\/lawyers\/maria-rosa-villegas-arevalo\/","title":{"rendered":"Mar\u00eda Rosa Villegas Ar\u00e9valo"},"content":{"rendered":"&#13;\n<p>She obtained her law degree from the \u201cUniversidad Cat\u00f3lica Argentina\u201d in 1977. She has been a partner of the firm from 1992 to 2018 and now she serves as a special counsel expert in corporate law, capital markets, acquisitions, and business reorganization of business companies, restructuring, family businesses, telecommunications and broadcasting.<\/p>&#13;\n&#13;\n<p>She played an active role in the privatization of State-owned companies, especially in the telecommunications sector.<\/p>&#13;\n&#13;\n<p>She is a member of the Bar Association of the City of Buenos Aires and of the Pro Bono Lawyers Association.<\/p>&#13;\n&#13;\n<p>She is ex professor of commercial law at the \u201cUniversidad Cat\u00f3lica Argentina\u201d.<\/p>&#13;\n&#13;\n<p>She has been cited as a leading practitioner in Media and Telecommunications, Securities and Capital Markets law by, among others, Latin Lawyer 250.<\/p>&#13;\n","protected":false},"excerpt":{"rendered":"<p>&#13; She obtained her law degree from the \u201cUniversidad Cat\u00f3lica Argentina\u201d in 1977. She has been a partner of the firm from 1992 to 2018 and now she serves as a special counsel expert in corporate law, capital markets, acquisitions, and business reorganization of business companies, restructuring, family businesses, telecommunications and broadcasting. &#13; &#13; She [&hellip;]<\/p>\n","protected":false},"author":1,"featured_media":8039,"menu_order":77,"template":"","class_list":["post-9093","abogados","type-abogados","status-publish","has-post-thumbnail","hentry"],"acf":[],"yoast_head":"<!-- This site is optimized with the Yoast SEO plugin v27.5 - https:\/\/yoast.com\/product\/yoast-seo-wordpress\/ -->\n<title>Mar\u00eda Rosa Villegas Ar\u00e9valo - Allende &amp; Brea - Estudio Jur\u00eddico<\/title>\n<meta name=\"description\" content=\"&#013; She obtained her law degree from the \u201cUniversidad Cat\u00f3lica Argentina\u201d in 1977. She has been a partner of the firm from 1992 to 2018 and now she\" \/>\n<meta name=\"robots\" content=\"index, follow, max-snippet:-1, max-image-preview:large, max-video-preview:-1\" \/>\n<link rel=\"canonical\" href=\"https:\/\/allende.com\/en\/lawyers\/maria-rosa-villegas-arevalo\/\" \/>\n<meta property=\"og:locale\" content=\"en_US\" \/>\n<meta property=\"og:type\" content=\"article\" \/>\n<meta property=\"og:title\" content=\"Mar\u00eda Rosa Villegas Ar\u00e9valo - Allende &amp; Brea - Estudio Jur\u00eddico\" \/>\n<meta property=\"og:description\" content=\"&#013; She obtained her law degree from the \u201cUniversidad Cat\u00f3lica Argentina\u201d in 1977. She has been a partner of the firm from 1992 to 2018 and now she\" \/>\n<meta property=\"og:url\" content=\"https:\/\/allende.com\/en\/lawyers\/maria-rosa-villegas-arevalo\/\" \/>\n<meta property=\"og:site_name\" content=\"Allende &amp; Brea - Estudio Jur\u00eddico\" \/>\n<meta property=\"article:publisher\" content=\"https:\/\/www.facebook.com\/AllendeyBrea\/\" \/>\n<meta property=\"article:modified_time\" content=\"2025-02-19T14:55:20+00:00\" \/>\n<meta property=\"og:image\" content=\"https:\/\/allende.com\/wp-content\/uploads\/2023\/01\/Maria_Rosa_Villegas_Arevalo-allende-brea-abogados.png\" \/>\n\t<meta property=\"og:image:width\" content=\"744\" \/>\n\t<meta property=\"og:image:height\" content=\"791\" \/>\n\t<meta property=\"og:image:type\" content=\"image\/png\" \/>\n<meta name=\"twitter:card\" content=\"summary_large_image\" \/>\n<meta name=\"twitter:site\" content=\"@AllendeyBrea\" \/>\n<meta name=\"twitter:label1\" content=\"Est. reading time\" \/>\n\t<meta name=\"twitter:data1\" content=\"1 minute\" \/>\n<script type=\"application\/ld+json\" class=\"yoast-schema-graph\">{\"@context\":\"https:\\\/\\\/schema.org\",\"@graph\":[{\"@type\":\"WebPage\",\"@id\":\"https:\\\/\\\/allende.com\\\/en\\\/lawyers\\\/maria-rosa-villegas-arevalo\\\/\",\"url\":\"https:\\\/\\\/allende.com\\\/en\\\/lawyers\\\/maria-rosa-villegas-arevalo\\\/\",\"name\":\"Mar\u00eda Rosa Villegas Ar\u00e9valo - Allende &amp; Brea - Estudio Jur\u00eddico\",\"isPartOf\":{\"@id\":\"https:\\\/\\\/allende.com\\\/en\\\/#website\"},\"primaryImageOfPage\":{\"@id\":\"https:\\\/\\\/allende.com\\\/en\\\/lawyers\\\/maria-rosa-villegas-arevalo\\\/#primaryimage\"},\"image\":{\"@id\":\"https:\\\/\\\/allende.com\\\/en\\\/lawyers\\\/maria-rosa-villegas-arevalo\\\/#primaryimage\"},\"thumbnailUrl\":\"https:\\\/\\\/allende.com\\\/wp-content\\\/uploads\\\/2023\\\/01\\\/Maria_Rosa_Villegas_Arevalo-allende-brea-abogados.png\",\"datePublished\":\"2023-01-13T16:38:17+00:00\",\"dateModified\":\"2025-02-19T14:55:20+00:00\",\"description\":\"&#13; She obtained her law degree from the \u201cUniversidad Cat\u00f3lica Argentina\u201d in 1977. She has been a partner of the firm from 1992 to 2018 and now she\",\"breadcrumb\":{\"@id\":\"https:\\\/\\\/allende.com\\\/en\\\/lawyers\\\/maria-rosa-villegas-arevalo\\\/#breadcrumb\"},\"inLanguage\":\"en-US\",\"potentialAction\":[{\"@type\":\"ReadAction\",\"target\":[\"https:\\\/\\\/allende.com\\\/en\\\/lawyers\\\/maria-rosa-villegas-arevalo\\\/\"]}]},{\"@type\":\"ImageObject\",\"inLanguage\":\"en-US\",\"@id\":\"https:\\\/\\\/allende.com\\\/en\\\/lawyers\\\/maria-rosa-villegas-arevalo\\\/#primaryimage\",\"url\":\"https:\\\/\\\/allende.com\\\/wp-content\\\/uploads\\\/2023\\\/01\\\/Maria_Rosa_Villegas_Arevalo-allende-brea-abogados.png\",\"contentUrl\":\"https:\\\/\\\/allende.com\\\/wp-content\\\/uploads\\\/2023\\\/01\\\/Maria_Rosa_Villegas_Arevalo-allende-brea-abogados.png\",\"width\":744,\"height\":791},{\"@type\":\"BreadcrumbList\",\"@id\":\"https:\\\/\\\/allende.com\\\/en\\\/lawyers\\\/maria-rosa-villegas-arevalo\\\/#breadcrumb\",\"itemListElement\":[{\"@type\":\"ListItem\",\"position\":1,\"name\":\"Inicio\",\"item\":\"https:\\\/\\\/allende.com\\\/en\\\/\"},{\"@type\":\"ListItem\",\"position\":2,\"name\":\"Abogados\",\"item\":\"https:\\\/\\\/allende.com\\\/en\\\/lawyers\\\/\"},{\"@type\":\"ListItem\",\"position\":3,\"name\":\"Mar\u00eda Rosa Villegas Ar\u00e9valo\"}]},{\"@type\":\"WebSite\",\"@id\":\"https:\\\/\\\/allende.com\\\/en\\\/#website\",\"url\":\"https:\\\/\\\/allende.com\\\/en\\\/\",\"name\":\"Allende & Brea - Estudio Jur\u00eddico\",\"description\":\"Estudio Jur\u00eddico\",\"publisher\":{\"@id\":\"https:\\\/\\\/allende.com\\\/en\\\/#organization\"},\"alternateName\":\"Allende & Brea - Estudio Jur\u00eddico\",\"potentialAction\":[{\"@type\":\"SearchAction\",\"target\":{\"@type\":\"EntryPoint\",\"urlTemplate\":\"https:\\\/\\\/allende.com\\\/en\\\/?s={search_term_string}\"},\"query-input\":{\"@type\":\"PropertyValueSpecification\",\"valueRequired\":true,\"valueName\":\"search_term_string\"}}],\"inLanguage\":\"en-US\"},{\"@type\":\"Organization\",\"@id\":\"https:\\\/\\\/allende.com\\\/en\\\/#organization\",\"name\":\"Allende & Brea - Estudio Jur\u00eddico\",\"alternateName\":\"Allende & Brea - Estudio Jur\u00eddico\",\"url\":\"https:\\\/\\\/allende.com\\\/en\\\/\",\"logo\":{\"@type\":\"ImageObject\",\"inLanguage\":\"en-US\",\"@id\":\"https:\\\/\\\/allende.com\\\/en\\\/#\\\/schema\\\/logo\\\/image\\\/\",\"url\":\"https:\\\/\\\/allende.com\\\/wp-content\\\/uploads\\\/2023\\\/01\\\/allende-brea-abogados-caba.jpg\",\"contentUrl\":\"https:\\\/\\\/allende.com\\\/wp-content\\\/uploads\\\/2023\\\/01\\\/allende-brea-abogados-caba.jpg\",\"width\":1200,\"height\":630,\"caption\":\"Allende & Brea - Estudio Jur\u00eddico\"},\"image\":{\"@id\":\"https:\\\/\\\/allende.com\\\/en\\\/#\\\/schema\\\/logo\\\/image\\\/\"},\"sameAs\":[\"https:\\\/\\\/www.facebook.com\\\/AllendeyBrea\\\/\",\"https:\\\/\\\/x.com\\\/AllendeyBrea\"]}]}<\/script>\n<!-- \/ Yoast SEO plugin. -->","yoast_head_json":{"title":"Mar\u00eda Rosa Villegas Ar\u00e9valo - Allende &amp; Brea - Estudio Jur\u00eddico","description":"&#13; She obtained her law degree from the \u201cUniversidad Cat\u00f3lica Argentina\u201d in 1977. She has been a partner of the firm from 1992 to 2018 and now she","robots":{"index":"index","follow":"follow","max-snippet":"max-snippet:-1","max-image-preview":"max-image-preview:large","max-video-preview":"max-video-preview:-1"},"canonical":"https:\/\/allende.com\/en\/lawyers\/maria-rosa-villegas-arevalo\/","og_locale":"en_US","og_type":"article","og_title":"Mar\u00eda Rosa Villegas Ar\u00e9valo - Allende &amp; Brea - Estudio Jur\u00eddico","og_description":"&#13; She obtained her law degree from the \u201cUniversidad Cat\u00f3lica Argentina\u201d in 1977. She has been a partner of the firm from 1992 to 2018 and now she","og_url":"https:\/\/allende.com\/en\/lawyers\/maria-rosa-villegas-arevalo\/","og_site_name":"Allende &amp; Brea - Estudio Jur\u00eddico","article_publisher":"https:\/\/www.facebook.com\/AllendeyBrea\/","article_modified_time":"2025-02-19T14:55:20+00:00","og_image":[{"width":744,"height":791,"url":"https:\/\/allende.com\/wp-content\/uploads\/2023\/01\/Maria_Rosa_Villegas_Arevalo-allende-brea-abogados.png","type":"image\/png"}],"twitter_card":"summary_large_image","twitter_site":"@AllendeyBrea","twitter_misc":{"Est. reading time":"1 minute"},"schema":{"@context":"https:\/\/schema.org","@graph":[{"@type":"WebPage","@id":"https:\/\/allende.com\/en\/lawyers\/maria-rosa-villegas-arevalo\/","url":"https:\/\/allende.com\/en\/lawyers\/maria-rosa-villegas-arevalo\/","name":"Mar\u00eda Rosa Villegas Ar\u00e9valo - Allende &amp; Brea - Estudio Jur\u00eddico","isPartOf":{"@id":"https:\/\/allende.com\/en\/#website"},"primaryImageOfPage":{"@id":"https:\/\/allende.com\/en\/lawyers\/maria-rosa-villegas-arevalo\/#primaryimage"},"image":{"@id":"https:\/\/allende.com\/en\/lawyers\/maria-rosa-villegas-arevalo\/#primaryimage"},"thumbnailUrl":"https:\/\/allende.com\/wp-content\/uploads\/2023\/01\/Maria_Rosa_Villegas_Arevalo-allende-brea-abogados.png","datePublished":"2023-01-13T16:38:17+00:00","dateModified":"2025-02-19T14:55:20+00:00","description":"&#13; She obtained her law degree from the \u201cUniversidad Cat\u00f3lica Argentina\u201d in 1977. She has been a partner of the firm from 1992 to 2018 and now she","breadcrumb":{"@id":"https:\/\/allende.com\/en\/lawyers\/maria-rosa-villegas-arevalo\/#breadcrumb"},"inLanguage":"en-US","potentialAction":[{"@type":"ReadAction","target":["https:\/\/allende.com\/en\/lawyers\/maria-rosa-villegas-arevalo\/"]}]},{"@type":"ImageObject","inLanguage":"en-US","@id":"https:\/\/allende.com\/en\/lawyers\/maria-rosa-villegas-arevalo\/#primaryimage","url":"https:\/\/allende.com\/wp-content\/uploads\/2023\/01\/Maria_Rosa_Villegas_Arevalo-allende-brea-abogados.png","contentUrl":"https:\/\/allende.com\/wp-content\/uploads\/2023\/01\/Maria_Rosa_Villegas_Arevalo-allende-brea-abogados.png","width":744,"height":791},{"@type":"BreadcrumbList","@id":"https:\/\/allende.com\/en\/lawyers\/maria-rosa-villegas-arevalo\/#breadcrumb","itemListElement":[{"@type":"ListItem","position":1,"name":"Inicio","item":"https:\/\/allende.com\/en\/"},{"@type":"ListItem","position":2,"name":"Abogados","item":"https:\/\/allende.com\/en\/lawyers\/"},{"@type":"ListItem","position":3,"name":"Mar\u00eda Rosa Villegas Ar\u00e9valo"}]},{"@type":"WebSite","@id":"https:\/\/allende.com\/en\/#website","url":"https:\/\/allende.com\/en\/","name":"Allende & Brea - Estudio Jur\u00eddico","description":"Estudio Jur\u00eddico","publisher":{"@id":"https:\/\/allende.com\/en\/#organization"},"alternateName":"Allende & Brea - Estudio Jur\u00eddico","potentialAction":[{"@type":"SearchAction","target":{"@type":"EntryPoint","urlTemplate":"https:\/\/allende.com\/en\/?s={search_term_string}"},"query-input":{"@type":"PropertyValueSpecification","valueRequired":true,"valueName":"search_term_string"}}],"inLanguage":"en-US"},{"@type":"Organization","@id":"https:\/\/allende.com\/en\/#organization","name":"Allende & Brea - Estudio Jur\u00eddico","alternateName":"Allende & Brea - Estudio Jur\u00eddico","url":"https:\/\/allende.com\/en\/","logo":{"@type":"ImageObject","inLanguage":"en-US","@id":"https:\/\/allende.com\/en\/#\/schema\/logo\/image\/","url":"https:\/\/allende.com\/wp-content\/uploads\/2023\/01\/allende-brea-abogados-caba.jpg","contentUrl":"https:\/\/allende.com\/wp-content\/uploads\/2023\/01\/allende-brea-abogados-caba.jpg","width":1200,"height":630,"caption":"Allende & Brea - Estudio Jur\u00eddico"},"image":{"@id":"https:\/\/allende.com\/en\/#\/schema\/logo\/image\/"},"sameAs":["https:\/\/www.facebook.com\/AllendeyBrea\/","https:\/\/x.com\/AllendeyBrea"]}]}},"_links":{"self":[{"href":"https:\/\/allende.com\/en\/wp-json\/wp\/v2\/abogados\/9093","targetHints":{"allow":["GET"]}}],"collection":[{"href":"https:\/\/allende.com\/en\/wp-json\/wp\/v2\/abogados"}],"about":[{"href":"https:\/\/allende.com\/en\/wp-json\/wp\/v2\/types\/abogados"}],"author":[{"embeddable":true,"href":"https:\/\/allende.com\/en\/wp-json\/wp\/v2\/users\/1"}],"version-history":[{"count":4,"href":"https:\/\/allende.com\/en\/wp-json\/wp\/v2\/abogados\/9093\/revisions"}],"predecessor-version":[{"id":16418,"href":"https:\/\/allende.com\/en\/wp-json\/wp\/v2\/abogados\/9093\/revisions\/16418"}],"wp:featuredmedia":[{"embeddable":true,"href":"https:\/\/allende.com\/en\/wp-json\/wp\/v2\/media\/8039"}],"wp:attachment":[{"href":"https:\/\/allende.com\/en\/wp-json\/wp\/v2\/media?parent=9093"}],"curies":[{"name":"wp","href":"https:\/\/api.w.org\/{rel}","templated":true}]}}

María Rosa Villegas Arévalo

&#13;
<p>She obtained her law degree from the “Universidad Católica Argentina” in 1977. She has been a partner of the firm from 1992 to 2018 and now she serves as a special counsel expert in corporate law, capital markets, acquisitions, and business reorganization of business companies, restructuring, family businesses, telecommunications and broadcasting.</p>&#13;
&#13;
<p>She played an active role in the privatization of State-owned companies, especially in the telecommunications sector.</p>&#13;
&#13;
<p>She is a member of the Bar Association of the City of Buenos Aires and of the Pro Bono Lawyers Association.</p>&#13;
&#13;
<p>She is ex professor of commercial law at the “Universidad Católica Argentina”.</p>&#13;
&#13;
<p>She has been cited as a leading practitioner in Media and Telecommunications, Securities and Capital Markets law by, among others, Latin Lawyer 250.</p>&#13;

<p>&#13; She obtained her law degree from the “Universidad Católica Argentina” in 1977. She has been a partner of the firm from 1992 to 2018 and now she serves as a special counsel expert in corporate law, capital markets, acquisitions, and business reorganization of business companies, restructuring, family businesses, telecommunications and broadcasting. &#13; &#13; She [&hellip;]</p>

<!-- This site is optimized with the Yoast SEO plugin v27.5 - https://yoast.com/product/yoast-seo-wordpress/ -->
<title>María Rosa Villegas Arévalo - Allende &amp; Brea - Estudio Jurídico</title>
<meta name="description" content="&#013; She obtained her law degree from the “Universidad Católica Argentina” in 1977. She has been a partner of the firm from 1992 to 2018 and now she" />
<meta name="robots" content="index, follow, max-snippet:-1, max-image-preview:large, max-video-preview:-1" />
<link rel="canonical" href="https://allende.com/en/lawyers/maria-rosa-villegas-arevalo/" />
<meta property="og:locale" content="en_US" />
<meta property="og:type" content="article" />
<meta property="og:title" content="María Rosa Villegas Arévalo - Allende &amp; Brea - Estudio Jurídico" />
<meta property="og:description" content="&#013; She obtained her law degree from the “Universidad Católica Argentina” in 1977. She has been a partner of the firm from 1992 to 2018 and now she" />
<meta property="og:url" content="https://allende.com/en/lawyers/maria-rosa-villegas-arevalo/" />
<meta property="og:site_name" content="Allende &amp; Brea - Estudio Jurídico" />
<meta property="article:publisher" content="https://www.facebook.com/AllendeyBrea/" />
<meta property="article:modified_time" content="2025-02-19T14:55:20+00:00" />
<meta property="og:image" content="https://allende.com/wp-content/uploads/2023/01/Maria_Rosa_Villegas_Arevalo-allende-brea-abogados.png" />
	<meta property="og:image:width" content="744" />
	<meta property="og:image:height" content="791" />
	<meta property="og:image:type" content="image/png" />
<meta name="twitter:card" content="summary_large_image" />
<meta name="twitter:site" content="@AllendeyBrea" />
<meta name="twitter:label1" content="Est. reading time" />
	<meta name="twitter:data1" content="1 minute" />
<script type="application/ld+json" class="yoast-schema-graph">{"@context":"https:\/\/schema.org","@graph":[{"@type":"WebPage","@id":"https:\/\/allende.com\/en\/lawyers\/maria-rosa-villegas-arevalo\/","url":"https:\/\/allende.com\/en\/lawyers\/maria-rosa-villegas-arevalo\/","name":"María Rosa Villegas Arévalo - Allende &amp; Brea - Estudio Jurídico","isPartOf":{"@id":"https:\/\/allende.com\/en\/#website"},"primaryImageOfPage":{"@id":"https:\/\/allende.com\/en\/lawyers\/maria-rosa-villegas-arevalo\/#primaryimage"},"image":{"@id":"https:\/\/allende.com\/en\/lawyers\/maria-rosa-villegas-arevalo\/#primaryimage"},"thumbnailUrl":"https:\/\/allende.com\/wp-content\/uploads\/2023\/01\/Maria_Rosa_Villegas_Arevalo-allende-brea-abogados.png","datePublished":"2023-01-13T16:38:17+00:00","dateModified":"2025-02-19T14:55:20+00:00","description":"&#13; She obtained her law degree from the “Universidad Católica Argentina” in 1977. She has been a partner of the firm from 1992 to 2018 and now she","breadcrumb":{"@id":"https:\/\/allende.com\/en\/lawyers\/maria-rosa-villegas-arevalo\/#breadcrumb"},"inLanguage":"en-US","potentialAction":[{"@type":"ReadAction","target":["https:\/\/allende.com\/en\/lawyers\/maria-rosa-villegas-arevalo\/"]}]},{"@type":"ImageObject","inLanguage":"en-US","@id":"https:\/\/allende.com\/en\/lawyers\/maria-rosa-villegas-arevalo\/#primaryimage","url":"https:\/\/allende.com\/wp-content\/uploads\/2023\/01\/Maria_Rosa_Villegas_Arevalo-allende-brea-abogados.png","contentUrl":"https:\/\/allende.com\/wp-content\/uploads\/2023\/01\/Maria_Rosa_Villegas_Arevalo-allende-brea-abogados.png","width":744,"height":791},{"@type":"BreadcrumbList","@id":"https:\/\/allende.com\/en\/lawyers\/maria-rosa-villegas-arevalo\/#breadcrumb","itemListElement":[{"@type":"ListItem","position":1,"name":"Inicio","item":"https:\/\/allende.com\/en\/"},{"@type":"ListItem","position":2,"name":"Abogados","item":"https:\/\/allende.com\/en\/lawyers\/"},{"@type":"ListItem","position":3,"name":"María Rosa Villegas Arévalo"}]},{"@type":"WebSite","@id":"https:\/\/allende.com\/en\/#website","url":"https:\/\/allende.com\/en\/","name":"Allende & Brea - Estudio Jurídico","description":"Estudio Jurídico","publisher":{"@id":"https:\/\/allende.com\/en\/#organization"},"alternateName":"Allende & Brea - Estudio Jurídico","potentialAction":[{"@type":"SearchAction","target":{"@type":"EntryPoint","urlTemplate":"https:\/\/allende.com\/en\/?s={search_term_string}"},"query-input":{"@type":"PropertyValueSpecification","valueRequired":true,"valueName":"search_term_string"}}],"inLanguage":"en-US"},{"@type":"Organization","@id":"https:\/\/allende.com\/en\/#organization","name":"Allende & Brea - Estudio Jurídico","alternateName":"Allende & Brea - Estudio Jurídico","url":"https:\/\/allende.com\/en\/","logo":{"@type":"ImageObject","inLanguage":"en-US","@id":"https:\/\/allende.com\/en\/#\/schema\/logo\/image\/","url":"https:\/\/allende.com\/wp-content\/uploads\/2023\/01\/allende-brea-abogados-caba.jpg","contentUrl":"https:\/\/allende.com\/wp-content\/uploads\/2023\/01\/allende-brea-abogados-caba.jpg","width":1200,"height":630,"caption":"Allende & Brea - Estudio Jurídico"},"image":{"@id":"https:\/\/allende.com\/en\/#\/schema\/logo\/image\/"},"sameAs":["https:\/\/www.facebook.com\/AllendeyBrea\/","https:\/\/x.com\/AllendeyBrea"]}]}</script>
<!-- / Yoast SEO plugin. -->

María Rosa Villegas Arévalo - Allende &amp; Brea - Estudio Jurídico

&#13; She obtained her law degree from the “Universidad Católica Argentina” in 1977. She has been a partner of the firm from 1992 to 2018 and now she

Allende &amp; Brea - Estudio Jurídico

Allende & Brea - Estudio Jurídico

Estudio Jurídico
