{"id":9163,"date":"2022-12-23T14:59:42","date_gmt":"2022-12-23T17:59:42","guid":{"rendered":"https:\/\/allende.com\/abogados\/julian-pena\/"},"modified":"2025-11-04T14:35:09","modified_gmt":"2025-11-04T17:35:09","slug":"julian-pena","status":"publish","type":"abogados","link":"https:\/\/allende.com\/en\/lawyers\/julian-pena\/","title":{"rendered":"Juli\u00e1n Pe\u00f1a"},"content":{"rendered":"\r\n<p style=\"text-align: justify;\">Juli\u00e1n joined Allende &amp; Brea in 2004 and has been the partner in charge of the Antitrust Department since 2007. Prior to joining Allende &amp; Brea, Juli\u00e1n worked at the Ministry of Economy of Argentina advising different ministers and secretaries and working at the National Commission for the Defense of Competition.<\/p>\r\n\r\n\r\n\r\n<p style=\"text-align: justify;\">His practice focuses on Antitrust and Competition law issues, including merger control proceedings, anticompetitive practices investigations and compliance work having been involved in many of the most relevant cases in Argentina.<\/p>\r\n\r\n\r\n\r\n<p style=\"text-align: justify;\">He is currently a professor at Universidad Torcuato Di Tella\u2019s Masters on Law and Economics and has been a visiting professor at the University of Florida and a professor at the Graduate Program of the Buenos Aires University, among others. Juli\u00e1n has published three books and many articles and given numerous conferences around the world on competition law.<\/p>\r\n\r\n\r\n\r\n<p style=\"text-align: justify;\">Julian is founder and moderator of ForoCompetencia (www.ForoCompetencia.com), an e-group focused on competition issues with approximately 2,000 members from the public, private and academic sectors of 25 countries. He is also currently Co-Chair of the Antitrust Section of the International Bar Association, Vice-Chair of the Comments Committee of the Antitrust Law Section of the American Bar Association, and member of the Advisory Board of the Fordham Competition Law Institute and of the American Antitrust Institute.<\/p>\r\n\r\n\r\n\r\n<p style=\"text-align: justify;\">Julian has been recognized as one of the leading Argentine antitrust lawyers by Global Competition Review, Chambers &amp; Partners, Legal 500, Who\u2019s Who of Competition Lawyers, Best Lawyers, Euromoney\u2019s Expert Guides, Latin American Corporate Counsel Association (LACCA), Expert Guide\u2019s Best of the Best in Latin America and Latin Lawyer 250, among other publications. Winner of the \u201cClient Choice Awards 2018\u201d in the Antitrust category (Argentina) and twice selected by Global Competition Review as one of the best 40 antitrust lawyers in the world under the age of 40.<\/p>\r\n","protected":false},"excerpt":{"rendered":"<p>Juli\u00e1n joined Allende &amp; Brea in 2004 and has been the partner in charge of the Antitrust Department since 2007. Prior to joining Allende &amp; Brea, Juli\u00e1n worked at the Ministry of Economy of Argentina advising different ministers and secretaries and working at the National Commission for the Defense of Competition. His practice focuses on [&hellip;]<\/p>\n","protected":false},"author":1,"featured_media":12947,"menu_order":57,"template":"","class_list":["post-9163","abogados","type-abogados","status-publish","has-post-thumbnail","hentry"],"acf":[],"yoast_head":"<!-- This site is optimized with the Yoast SEO plugin v27.5 - https:\/\/yoast.com\/product\/yoast-seo-wordpress\/ -->\n<title>Juli\u00e1n Pe\u00f1a - Allende &amp; Brea - Estudio Jur\u00eddico<\/title>\n<meta name=\"description\" content=\"Juli\u00e1n joined Allende &amp; Brea in 2004 and has been the partner in charge of the Antitrust Department since 2007. Prior to joining Allende &amp; Brea,\" \/>\n<meta name=\"robots\" content=\"index, follow, max-snippet:-1, max-image-preview:large, max-video-preview:-1\" \/>\n<link rel=\"canonical\" href=\"https:\/\/allende.com\/en\/lawyers\/julian-pena\/\" \/>\n<meta property=\"og:locale\" content=\"en_US\" \/>\n<meta property=\"og:type\" content=\"article\" \/>\n<meta property=\"og:title\" content=\"Juli\u00e1n Pe\u00f1a - Allende &amp; Brea - Estudio Jur\u00eddico\" \/>\n<meta property=\"og:description\" content=\"Juli\u00e1n joined Allende &amp; Brea in 2004 and has been the partner in charge of the Antitrust Department since 2007. Prior to joining Allende &amp; Brea,\" \/>\n<meta property=\"og:url\" content=\"https:\/\/allende.com\/en\/lawyers\/julian-pena\/\" \/>\n<meta property=\"og:site_name\" content=\"Allende &amp; Brea - Estudio Jur\u00eddico\" \/>\n<meta property=\"article:publisher\" content=\"https:\/\/www.facebook.com\/AllendeyBrea\/\" \/>\n<meta property=\"article:modified_time\" content=\"2025-11-04T17:35:09+00:00\" \/>\n<meta property=\"og:image\" content=\"https:\/\/allende.com\/wp-content\/uploads\/2024\/06\/Julian_Pena-1.png\" \/>\n\t<meta property=\"og:image:width\" content=\"722\" \/>\n\t<meta property=\"og:image:height\" content=\"822\" \/>\n\t<meta property=\"og:image:type\" content=\"image\/png\" \/>\n<meta name=\"twitter:card\" content=\"summary_large_image\" \/>\n<meta name=\"twitter:site\" content=\"@AllendeyBrea\" \/>\n<meta name=\"twitter:label1\" content=\"Est. reading time\" \/>\n\t<meta name=\"twitter:data1\" content=\"2 minutes\" \/>\n<script type=\"application\/ld+json\" class=\"yoast-schema-graph\">{\"@context\":\"https:\\\/\\\/schema.org\",\"@graph\":[{\"@type\":\"WebPage\",\"@id\":\"https:\\\/\\\/allende.com\\\/en\\\/lawyers\\\/julian-pena\\\/\",\"url\":\"https:\\\/\\\/allende.com\\\/en\\\/lawyers\\\/julian-pena\\\/\",\"name\":\"Juli\u00e1n Pe\u00f1a - Allende &amp; Brea - Estudio Jur\u00eddico\",\"isPartOf\":{\"@id\":\"https:\\\/\\\/allende.com\\\/en\\\/#website\"},\"primaryImageOfPage\":{\"@id\":\"https:\\\/\\\/allende.com\\\/en\\\/lawyers\\\/julian-pena\\\/#primaryimage\"},\"image\":{\"@id\":\"https:\\\/\\\/allende.com\\\/en\\\/lawyers\\\/julian-pena\\\/#primaryimage\"},\"thumbnailUrl\":\"https:\\\/\\\/allende.com\\\/wp-content\\\/uploads\\\/2024\\\/06\\\/Julian_Pena-1.png\",\"datePublished\":\"2022-12-23T17:59:42+00:00\",\"dateModified\":\"2025-11-04T17:35:09+00:00\",\"description\":\"Juli\u00e1n joined Allende &amp; Brea in 2004 and has been the partner in charge of the Antitrust Department since 2007. Prior to joining Allende &amp; Brea,\",\"breadcrumb\":{\"@id\":\"https:\\\/\\\/allende.com\\\/en\\\/lawyers\\\/julian-pena\\\/#breadcrumb\"},\"inLanguage\":\"en-US\",\"potentialAction\":[{\"@type\":\"ReadAction\",\"target\":[\"https:\\\/\\\/allende.com\\\/en\\\/lawyers\\\/julian-pena\\\/\"]}]},{\"@type\":\"ImageObject\",\"inLanguage\":\"en-US\",\"@id\":\"https:\\\/\\\/allende.com\\\/en\\\/lawyers\\\/julian-pena\\\/#primaryimage\",\"url\":\"https:\\\/\\\/allende.com\\\/wp-content\\\/uploads\\\/2024\\\/06\\\/Julian_Pena-1.png\",\"contentUrl\":\"https:\\\/\\\/allende.com\\\/wp-content\\\/uploads\\\/2024\\\/06\\\/Julian_Pena-1.png\",\"width\":722,\"height\":822},{\"@type\":\"BreadcrumbList\",\"@id\":\"https:\\\/\\\/allende.com\\\/en\\\/lawyers\\\/julian-pena\\\/#breadcrumb\",\"itemListElement\":[{\"@type\":\"ListItem\",\"position\":1,\"name\":\"Inicio\",\"item\":\"https:\\\/\\\/allende.com\\\/en\\\/\"},{\"@type\":\"ListItem\",\"position\":2,\"name\":\"Abogados\",\"item\":\"https:\\\/\\\/allende.com\\\/en\\\/lawyers\\\/\"},{\"@type\":\"ListItem\",\"position\":3,\"name\":\"Juli\u00e1n Pe\u00f1a\"}]},{\"@type\":\"WebSite\",\"@id\":\"https:\\\/\\\/allende.com\\\/en\\\/#website\",\"url\":\"https:\\\/\\\/allende.com\\\/en\\\/\",\"name\":\"Allende & Brea - Estudio Jur\u00eddico\",\"description\":\"Estudio Jur\u00eddico\",\"publisher\":{\"@id\":\"https:\\\/\\\/allende.com\\\/en\\\/#organization\"},\"alternateName\":\"Allende & Brea - Estudio Jur\u00eddico\",\"potentialAction\":[{\"@type\":\"SearchAction\",\"target\":{\"@type\":\"EntryPoint\",\"urlTemplate\":\"https:\\\/\\\/allende.com\\\/en\\\/?s={search_term_string}\"},\"query-input\":{\"@type\":\"PropertyValueSpecification\",\"valueRequired\":true,\"valueName\":\"search_term_string\"}}],\"inLanguage\":\"en-US\"},{\"@type\":\"Organization\",\"@id\":\"https:\\\/\\\/allende.com\\\/en\\\/#organization\",\"name\":\"Allende & Brea - Estudio Jur\u00eddico\",\"alternateName\":\"Allende & Brea - Estudio Jur\u00eddico\",\"url\":\"https:\\\/\\\/allende.com\\\/en\\\/\",\"logo\":{\"@type\":\"ImageObject\",\"inLanguage\":\"en-US\",\"@id\":\"https:\\\/\\\/allende.com\\\/en\\\/#\\\/schema\\\/logo\\\/image\\\/\",\"url\":\"https:\\\/\\\/allende.com\\\/wp-content\\\/uploads\\\/2023\\\/01\\\/allende-brea-abogados-caba.jpg\",\"contentUrl\":\"https:\\\/\\\/allende.com\\\/wp-content\\\/uploads\\\/2023\\\/01\\\/allende-brea-abogados-caba.jpg\",\"width\":1200,\"height\":630,\"caption\":\"Allende & Brea - Estudio Jur\u00eddico\"},\"image\":{\"@id\":\"https:\\\/\\\/allende.com\\\/en\\\/#\\\/schema\\\/logo\\\/image\\\/\"},\"sameAs\":[\"https:\\\/\\\/www.facebook.com\\\/AllendeyBrea\\\/\",\"https:\\\/\\\/x.com\\\/AllendeyBrea\"]}]}<\/script>\n<!-- \/ Yoast SEO plugin. -->","yoast_head_json":{"title":"Juli\u00e1n Pe\u00f1a - Allende &amp; Brea - Estudio Jur\u00eddico","description":"Juli\u00e1n joined Allende &amp; Brea in 2004 and has been the partner in charge of the Antitrust Department since 2007. Prior to joining Allende &amp; Brea,","robots":{"index":"index","follow":"follow","max-snippet":"max-snippet:-1","max-image-preview":"max-image-preview:large","max-video-preview":"max-video-preview:-1"},"canonical":"https:\/\/allende.com\/en\/lawyers\/julian-pena\/","og_locale":"en_US","og_type":"article","og_title":"Juli\u00e1n Pe\u00f1a - Allende &amp; Brea - Estudio Jur\u00eddico","og_description":"Juli\u00e1n joined Allende &amp; Brea in 2004 and has been the partner in charge of the Antitrust Department since 2007. Prior to joining Allende &amp; Brea,","og_url":"https:\/\/allende.com\/en\/lawyers\/julian-pena\/","og_site_name":"Allende &amp; Brea - Estudio Jur\u00eddico","article_publisher":"https:\/\/www.facebook.com\/AllendeyBrea\/","article_modified_time":"2025-11-04T17:35:09+00:00","og_image":[{"width":722,"height":822,"url":"https:\/\/allende.com\/wp-content\/uploads\/2024\/06\/Julian_Pena-1.png","type":"image\/png"}],"twitter_card":"summary_large_image","twitter_site":"@AllendeyBrea","twitter_misc":{"Est. reading time":"2 minutes"},"schema":{"@context":"https:\/\/schema.org","@graph":[{"@type":"WebPage","@id":"https:\/\/allende.com\/en\/lawyers\/julian-pena\/","url":"https:\/\/allende.com\/en\/lawyers\/julian-pena\/","name":"Juli\u00e1n Pe\u00f1a - Allende &amp; Brea - Estudio Jur\u00eddico","isPartOf":{"@id":"https:\/\/allende.com\/en\/#website"},"primaryImageOfPage":{"@id":"https:\/\/allende.com\/en\/lawyers\/julian-pena\/#primaryimage"},"image":{"@id":"https:\/\/allende.com\/en\/lawyers\/julian-pena\/#primaryimage"},"thumbnailUrl":"https:\/\/allende.com\/wp-content\/uploads\/2024\/06\/Julian_Pena-1.png","datePublished":"2022-12-23T17:59:42+00:00","dateModified":"2025-11-04T17:35:09+00:00","description":"Juli\u00e1n joined Allende &amp; Brea in 2004 and has been the partner in charge of the Antitrust Department since 2007. Prior to joining Allende &amp; Brea,","breadcrumb":{"@id":"https:\/\/allende.com\/en\/lawyers\/julian-pena\/#breadcrumb"},"inLanguage":"en-US","potentialAction":[{"@type":"ReadAction","target":["https:\/\/allende.com\/en\/lawyers\/julian-pena\/"]}]},{"@type":"ImageObject","inLanguage":"en-US","@id":"https:\/\/allende.com\/en\/lawyers\/julian-pena\/#primaryimage","url":"https:\/\/allende.com\/wp-content\/uploads\/2024\/06\/Julian_Pena-1.png","contentUrl":"https:\/\/allende.com\/wp-content\/uploads\/2024\/06\/Julian_Pena-1.png","width":722,"height":822},{"@type":"BreadcrumbList","@id":"https:\/\/allende.com\/en\/lawyers\/julian-pena\/#breadcrumb","itemListElement":[{"@type":"ListItem","position":1,"name":"Inicio","item":"https:\/\/allende.com\/en\/"},{"@type":"ListItem","position":2,"name":"Abogados","item":"https:\/\/allende.com\/en\/lawyers\/"},{"@type":"ListItem","position":3,"name":"Juli\u00e1n Pe\u00f1a"}]},{"@type":"WebSite","@id":"https:\/\/allende.com\/en\/#website","url":"https:\/\/allende.com\/en\/","name":"Allende & Brea - Estudio Jur\u00eddico","description":"Estudio Jur\u00eddico","publisher":{"@id":"https:\/\/allende.com\/en\/#organization"},"alternateName":"Allende & Brea - Estudio Jur\u00eddico","potentialAction":[{"@type":"SearchAction","target":{"@type":"EntryPoint","urlTemplate":"https:\/\/allende.com\/en\/?s={search_term_string}"},"query-input":{"@type":"PropertyValueSpecification","valueRequired":true,"valueName":"search_term_string"}}],"inLanguage":"en-US"},{"@type":"Organization","@id":"https:\/\/allende.com\/en\/#organization","name":"Allende & Brea - Estudio Jur\u00eddico","alternateName":"Allende & Brea - Estudio Jur\u00eddico","url":"https:\/\/allende.com\/en\/","logo":{"@type":"ImageObject","inLanguage":"en-US","@id":"https:\/\/allende.com\/en\/#\/schema\/logo\/image\/","url":"https:\/\/allende.com\/wp-content\/uploads\/2023\/01\/allende-brea-abogados-caba.jpg","contentUrl":"https:\/\/allende.com\/wp-content\/uploads\/2023\/01\/allende-brea-abogados-caba.jpg","width":1200,"height":630,"caption":"Allende & Brea - Estudio Jur\u00eddico"},"image":{"@id":"https:\/\/allende.com\/en\/#\/schema\/logo\/image\/"},"sameAs":["https:\/\/www.facebook.com\/AllendeyBrea\/","https:\/\/x.com\/AllendeyBrea"]}]}},"_links":{"self":[{"href":"https:\/\/allende.com\/en\/wp-json\/wp\/v2\/abogados\/9163","targetHints":{"allow":["GET"]}}],"collection":[{"href":"https:\/\/allende.com\/en\/wp-json\/wp\/v2\/abogados"}],"about":[{"href":"https:\/\/allende.com\/en\/wp-json\/wp\/v2\/types\/abogados"}],"author":[{"embeddable":true,"href":"https:\/\/allende.com\/en\/wp-json\/wp\/v2\/users\/1"}],"version-history":[{"count":11,"href":"https:\/\/allende.com\/en\/wp-json\/wp\/v2\/abogados\/9163\/revisions"}],"predecessor-version":[{"id":20992,"href":"https:\/\/allende.com\/en\/wp-json\/wp\/v2\/abogados\/9163\/revisions\/20992"}],"wp:featuredmedia":[{"embeddable":true,"href":"https:\/\/allende.com\/en\/wp-json\/wp\/v2\/media\/12947"}],"wp:attachment":[{"href":"https:\/\/allende.com\/en\/wp-json\/wp\/v2\/media?parent=9163"}],"curies":[{"name":"wp","href":"https:\/\/api.w.org\/{rel}","templated":true}]}}

Julián Peña

<p style="text-align: justify;">Julián joined Allende &amp; Brea in 2004 and has been the partner in charge of the Antitrust Department since 2007. Prior to joining Allende &amp; Brea, Julián worked at the Ministry of Economy of Argentina advising different ministers and secretaries and working at the National Commission for the Defense of Competition.</p>



<p style="text-align: justify;">His practice focuses on Antitrust and Competition law issues, including merger control proceedings, anticompetitive practices investigations and compliance work having been involved in many of the most relevant cases in Argentina.</p>



<p style="text-align: justify;">He is currently a professor at Universidad Torcuato Di Tella’s Masters on Law and Economics and has been a visiting professor at the University of Florida and a professor at the Graduate Program of the Buenos Aires University, among others. Julián has published three books and many articles and given numerous conferences around the world on competition law.</p>



<p style="text-align: justify;">Julian is founder and moderator of ForoCompetencia (www.ForoCompetencia.com), an e-group focused on competition issues with approximately 2,000 members from the public, private and academic sectors of 25 countries. He is also currently Co-Chair of the Antitrust Section of the International Bar Association, Vice-Chair of the Comments Committee of the Antitrust Law Section of the American Bar Association, and member of the Advisory Board of the Fordham Competition Law Institute and of the American Antitrust Institute.</p>



<p style="text-align: justify;">Julian has been recognized as one of the leading Argentine antitrust lawyers by Global Competition Review, Chambers &amp; Partners, Legal 500, Who’s Who of Competition Lawyers, Best Lawyers, Euromoney’s Expert Guides, Latin American Corporate Counsel Association (LACCA), Expert Guide’s Best of the Best in Latin America and Latin Lawyer 250, among other publications. Winner of the “Client Choice Awards 2018” in the Antitrust category (Argentina) and twice selected by Global Competition Review as one of the best 40 antitrust lawyers in the world under the age of 40.</p>

<p>Julián joined Allende &amp; Brea in 2004 and has been the partner in charge of the Antitrust Department since 2007. Prior to joining Allende &amp; Brea, Julián worked at the Ministry of Economy of Argentina advising different ministers and secretaries and working at the National Commission for the Defense of Competition. His practice focuses on [&hellip;]</p>

<!-- This site is optimized with the Yoast SEO plugin v27.5 - https://yoast.com/product/yoast-seo-wordpress/ -->
<title>Julián Peña - Allende &amp; Brea - Estudio Jurídico</title>
<meta name="description" content="Julián joined Allende &amp; Brea in 2004 and has been the partner in charge of the Antitrust Department since 2007. Prior to joining Allende &amp; Brea," />
<meta name="robots" content="index, follow, max-snippet:-1, max-image-preview:large, max-video-preview:-1" />
<link rel="canonical" href="https://allende.com/en/lawyers/julian-pena/" />
<meta property="og:locale" content="en_US" />
<meta property="og:type" content="article" />
<meta property="og:title" content="Julián Peña - Allende &amp; Brea - Estudio Jurídico" />
<meta property="og:description" content="Julián joined Allende &amp; Brea in 2004 and has been the partner in charge of the Antitrust Department since 2007. Prior to joining Allende &amp; Brea," />
<meta property="og:url" content="https://allende.com/en/lawyers/julian-pena/" />
<meta property="og:site_name" content="Allende &amp; Brea - Estudio Jurídico" />
<meta property="article:publisher" content="https://www.facebook.com/AllendeyBrea/" />
<meta property="article:modified_time" content="2025-11-04T17:35:09+00:00" />
<meta property="og:image" content="https://allende.com/wp-content/uploads/2024/06/Julian_Pena-1.png" />
	<meta property="og:image:width" content="722" />
	<meta property="og:image:height" content="822" />
	<meta property="og:image:type" content="image/png" />
<meta name="twitter:card" content="summary_large_image" />
<meta name="twitter:site" content="@AllendeyBrea" />
<meta name="twitter:label1" content="Est. reading time" />
	<meta name="twitter:data1" content="2 minutes" />
<script type="application/ld+json" class="yoast-schema-graph">{"@context":"https:\/\/schema.org","@graph":[{"@type":"WebPage","@id":"https:\/\/allende.com\/en\/lawyers\/julian-pena\/","url":"https:\/\/allende.com\/en\/lawyers\/julian-pena\/","name":"Julián Peña - Allende &amp; Brea - Estudio Jurídico","isPartOf":{"@id":"https:\/\/allende.com\/en\/#website"},"primaryImageOfPage":{"@id":"https:\/\/allende.com\/en\/lawyers\/julian-pena\/#primaryimage"},"image":{"@id":"https:\/\/allende.com\/en\/lawyers\/julian-pena\/#primaryimage"},"thumbnailUrl":"https:\/\/allende.com\/wp-content\/uploads\/2024\/06\/Julian_Pena-1.png","datePublished":"2022-12-23T17:59:42+00:00","dateModified":"2025-11-04T17:35:09+00:00","description":"Julián joined Allende &amp; Brea in 2004 and has been the partner in charge of the Antitrust Department since 2007. Prior to joining Allende &amp; Brea,","breadcrumb":{"@id":"https:\/\/allende.com\/en\/lawyers\/julian-pena\/#breadcrumb"},"inLanguage":"en-US","potentialAction":[{"@type":"ReadAction","target":["https:\/\/allende.com\/en\/lawyers\/julian-pena\/"]}]},{"@type":"ImageObject","inLanguage":"en-US","@id":"https:\/\/allende.com\/en\/lawyers\/julian-pena\/#primaryimage","url":"https:\/\/allende.com\/wp-content\/uploads\/2024\/06\/Julian_Pena-1.png","contentUrl":"https:\/\/allende.com\/wp-content\/uploads\/2024\/06\/Julian_Pena-1.png","width":722,"height":822},{"@type":"BreadcrumbList","@id":"https:\/\/allende.com\/en\/lawyers\/julian-pena\/#breadcrumb","itemListElement":[{"@type":"ListItem","position":1,"name":"Inicio","item":"https:\/\/allende.com\/en\/"},{"@type":"ListItem","position":2,"name":"Abogados","item":"https:\/\/allende.com\/en\/lawyers\/"},{"@type":"ListItem","position":3,"name":"Julián Peña"}]},{"@type":"WebSite","@id":"https:\/\/allende.com\/en\/#website","url":"https:\/\/allende.com\/en\/","name":"Allende & Brea - Estudio Jurídico","description":"Estudio Jurídico","publisher":{"@id":"https:\/\/allende.com\/en\/#organization"},"alternateName":"Allende & Brea - Estudio Jurídico","potentialAction":[{"@type":"SearchAction","target":{"@type":"EntryPoint","urlTemplate":"https:\/\/allende.com\/en\/?s={search_term_string}"},"query-input":{"@type":"PropertyValueSpecification","valueRequired":true,"valueName":"search_term_string"}}],"inLanguage":"en-US"},{"@type":"Organization","@id":"https:\/\/allende.com\/en\/#organization","name":"Allende & Brea - Estudio Jurídico","alternateName":"Allende & Brea - Estudio Jurídico","url":"https:\/\/allende.com\/en\/","logo":{"@type":"ImageObject","inLanguage":"en-US","@id":"https:\/\/allende.com\/en\/#\/schema\/logo\/image\/","url":"https:\/\/allende.com\/wp-content\/uploads\/2023\/01\/allende-brea-abogados-caba.jpg","contentUrl":"https:\/\/allende.com\/wp-content\/uploads\/2023\/01\/allende-brea-abogados-caba.jpg","width":1200,"height":630,"caption":"Allende & Brea - Estudio Jurídico"},"image":{"@id":"https:\/\/allende.com\/en\/#\/schema\/logo\/image\/"},"sameAs":["https:\/\/www.facebook.com\/AllendeyBrea\/","https:\/\/x.com\/AllendeyBrea"]}]}</script>
<!-- / Yoast SEO plugin. -->

Julián Peña - Allende &amp; Brea - Estudio Jurídico

Julián joined Allende &amp; Brea in 2004 and has been the partner in charge of the Antitrust Department since 2007. Prior to joining Allende &amp; Brea,

Allende &amp; Brea - Estudio Jurídico

Allende & Brea - Estudio Jurídico

Estudio Jurídico
